- -19) + -10 + 41?
-18
Calculate (-1 - 0) + (153 - 168).
-16
What is the value of -5 - -2 - (7 - (13 - 14))?
-11
What is the value of (3 + 19 - 11) + -7?
4
What is -36 - (2 - 16 - 18)?
-4
Calculate (3 - (2 - -3)) + -3 + -13 + 16.
-2
Evaluate -7 + (16 - 6) - (6 + -13).
10
What is the value of -122 + 117 + (6 + -5 - (3 - 1))?
-6
Evaluate -2 - -6 - (-245 + 232 + 0 + 14).
3
505 - 500 - (1 - -14)
-10
4 - (-20 + 22 - (1 - 12))
-9
What is -32 - -22 - ((1 + 4 - 8) + 0)?
-7
Evaluate -4 - (3 - (-8 + (8 - (-9 + 10)))).
-8
(5 - 5) + 19 + (-9 - -1)
11
Evaluate (-17 - -23) + (-13 - -6).
-1
Evaluate (9 - 0) + 1 + (-3 - -3) + 0.
10
Evaluate -702 + 700 - (-4 + 2 - -5).
-5
What is the value of (-15 - (4 + 0)) + (-22 - -8)?
-33
Evaluate 4 - (7 + 8) - -6 - 8.
-13
(-6 + 5 - 5) + 7 + -2
-1
What is (-43 + 12 - -9) + 15?
-7
What is (7 - 25) + (7 - 0) - 4?
-15
Calculate 5 + (0 + -8 - (-1 + -1)) + 5.
4
What is the value of (-4 - (3 + 9)) + 2 + 3 - -4?
-7
What is the value of (-41 - -1) + (-31 - -62)?
-9
Evaluate -13 - (-26 - -25 - (0 + -14)).
-26
Evaluate (10 - 5 - 8) + 4 + 8.
9
What is -40 + 10 + 7 - -55?
32
9 - -14 - (106 - 78)
-5
What is (-35 - (-3 - -11)) + (36 - 21)?
-28
-1 + -8 - (-14 + (33 - (17 - 0)))
-11
What is 17 + (-16 - (-20 - 5) - 5)?
21
Evaluate (-5 + 7 + 5 - (18 + 6)) + -3.
-20
Calculate (1 + -4 + 5 - (5 - -6)) + 5.
-4
9 + 162 + -160 + (-14 - 1)
-4
What is the value of -8 - 1 - (-1 - (15 - 11 - 8))?
-12
(21 - 60) + (3 - (-2 - -5)) + 4
-35
What is the value of (2 - -11) + -18 - (-4 + 0) - -6?
5
Calculate 5 + -2 + -15 + -28 + 57.
17
Calculate (-12 - -15 - 6) + (-3 - 13).
-19
What is the value of 13 + -23 + 6 + (2 - 0) + -8?
-10
What is the value of 33 + -7 + -25 - (16 + 1)?
-16
Evaluate (-64 + 50 - -19) + (4 - 0 - -2).
11
Calculate 18 - ((-15 - -27) + 20).
-14
Evaluate 0 + -6 - (4 - (16 + (-15 - -6))).
-3
What is -16 - (0 - 17) - 19 - -3?
-15
What is the value of -10 - (6 + -3) - -1?
-12
What is (3 - (2 - 4)) + -27 + 13 + 15?
6
What is the value of -3 + 0 + 27 + -21 + 4 + 0?
7
What is 2 - (-4 + -8 + -2)?
16
What is (-18 - -10) + 3 - (6 + 0) - 6?
-17
16 + -31 + 27 - 19 - -13
6
Calculate 5 + 22 + -20 + -14 + (-4 - -1).
-10
-49 + 3 + (196 - 166)
-16
Calculate 3 - (-3 + -7 + 0 + 3 + 19).
-9
-10 + -7 + (4 - 4 - 0) - -2
-15
What is the value of 18 + -37 + 13 + -3?
-9
(8 + 7 - 4) + 1 - 26
-14
Evaluate -2316 + 2276 - (1 - 38).
-3
Calculate 38 - (1 + (4 - 10 - 6) - -11).
38
Evaluate -43 + 34 - (-3 + -9).
3
-4 - -7 - ((-1 + 3 - -6) + 3)
-8
What is the value of 2053 + -2043 + -33 + 0 + 2?
-21
23 + 13 + -41 - -16
11
(-14 - ((2 - 0) + 5)) + 7
-14
171 - 186 - (-9 - -29)
-35
Evaluate -3 - -3 - 6 - (-14 - (-13 - -4)).
-1
Evaluate -10 + (-37 + 19 - -45 - (-3 + 13)).
7
What is the value of (-9 - 1) + (213 - 207) + -19?
-23
What is the value of 83 + -74 + (0 - (2 - 0)) + 0?
7
What is 25 + (26 - 48) - (1 - -23)?
-21
What is 2 + (-8 + -13 - -6) + 14?
1
Evaluate 9 + 13 + -18 - (-17 + 0).
21
Calculate 14 + (-8 - (7 + (4 - 3) + -8)).
6
174 + -169 + (2 - 0)
7
What is the value of 9 + -12 + (-8 + -3 - (3 - 4))?
-13
What is 18 + (0 + 0 - (13 + -8)) + 1?
14
What is the value of -3 + (8 + -11 + 4 - (1 + -1))?
-2
(-21 + 29 - (5 - 1)) + -24 + 41
21
Evaluate 7 + (21 - 24) + -2.
2
What is the value of -4 + -5 + 13 + -2 + -2?
0
What is the value of 4 - (3 - (3 - 1))?
3
Evaluate (-18 - -35 - -4) + (1 - 9) + -8.
5
(15 - (3 - -1)) + -8
3
What is 5 - (-2 + 2 - (5 - -19))?
29
Evaluate -1 + -6 + (1 - 0) + 5 + -8.
-9
(-3 - 2) + 0 + (-19 - -12)
-12
Calculate -11 + -22 + 10 - -23.
0
Evaluate 14 - ((-11 - -3 - (-3 + -4)) + 6).
9
Calculate 3 + (1 - (0 - -1)) - (-272 - -262).
13
(-1 - (6 + -1)) + 21 + (-15 - -2)
2
Calculate 8 - (13 - (9 + 0 + -1 + 1)).
4
What is 34 + -30 + 7 + (-7 - -13 - -11)?
28
What is (-6 + 8 - (-3 + 0 + 2)) + 2?
5
What is 10 + 0 + (0 - 4) + -18?
-12
Evaluate 0 - 2 - (-32 + -30 + 56).
4
Evaluate -2 + 23 - (-13 - (-27 + -2)).
5
Evaluate -6 - (-2 - -7 - -5).
-16
Evaluate 0 + -5 - (-271 + 260).
6
-2 - (-2 - 7 - 6)
13
Evaluate -7 - ((26 - 18) + 7 + -13).
-9
(2 + -12 - (-18 - (-14 + 13))) + 2
9
Evaluate 66 + 12 + -49 - (-1 + 15).
15
Evaluate 16 + -26 + 4 - -16.
10
9 - 11 - -1 - 2 - (0 - -2)
-5
-23 - (1 + -27 + 21)
-18
What is 19 - (29 - -9 - 31)?
12
Calculate 9 + -16 + 9 + -9.
-7
What is the value of -18 + (-27 - -25 - -29)?
9
What is the value of -6 - (2 + -9 + (-37 - -42))?
-4
-14 + 1 + 121 + -113
-5
What is the value of 8 + -35 + (1 - (0 - 3) - -3)?
-20
Evaluate (-11 - (0 + -12)) + 6 + 0 + 1.
8
(10 - 2) + -2 + 2 + -16
-8
(1 - 33) + -477 + 490
-19
Calculate -42 + 48 + -3 + -23 + 0.
-20
12 - (11 - 5) - (29 - 6)
-17
27 - (40 - -9 - 1)
-21
What is the value of 6 - ((3 - -1) + 21) - (11 + -10)?
-20
What is (-2 - (6 - 5 - -7)) + 15?
5
54 - 36 - (4 + 1)
13
Evaluate -2 + -4 - (166 - 191).
19
6 + -5 - -5 - (-14 + 13)
7
What is -7 - (35 - 52 - (-6 - (0 - -2)))?
2
Calculate 3 + (8 + -11 - -9) + (-2 - 3).
4
What is the value of 1 + 4 + (-12 - -9) + 5?
7
What is (60 - 76) + 7 + 35?
26
(4 - 9) + 26 + (4 - 5)
20
Calculate -5 + -1 + (-12 - (-6 + 3)).
-15
(9 - 13) + (-5 - -1 - -1) - -6
-1
Evaluate -3 - -38 - -2 - (635 + -630).
32
What is -4 - -6 - (-11 - -31 - 11)?
-7
What is the value of -18 - (-15 - 17 - -4)?
10
Evaluate (19 - 1) + -4 - (-1 - (-7 - -6)).
14
(0 - -8) + -12 + 12 + 10 + -24
-6
Calculate 21 + -36 + 37 + -14.
8
Calculate -106 + 105 + 3 + 2.
4
(-460 - -472) + (-5 + -3 - (2 - -1))
1
Calculate 3 + (18 - (2 + 5)).
14
-5 - ((13 - 2) + -74 + 82)
-24
What is the value of (-2 - -8 - (-28 + 45)) + -10?
-21
Evaluate -18 - -26 - (-2 - -8) - 27.
-25
Evaluate (26 - 6) + 40 + -37.
23
What is -10 - -1 - (14 - 29) - (24 - -1)?
-19
10 - (-4 + 12 + -6)
8
What is 0 + (-4 - 4) + 3?
-5
What is the value of (-3 - (2 + (-5 - -4))) + 7 - 11?
-8
What is -2 + 7 - (1 + 0 + 3)?
1
What is (-1 - -4) + (-2002 - -2001)?
2
What is the value of -13 - (-18 - -12) - (-5 + -1)?
-1
61 + -5 + -24 + -3
29
What is (-14 - -12) + 23 + (-3 - 4)?
14
-1 + -18 - (-46 + 13)
14
Evaluate 14 + -8 + (0 - (14 + 6 + -10)).
-4
What is the value of (-4 - ((19 - 45) + 4)) + -20?
-2
What is (11 - (2 - 5)) + -10?
4
Evaluate 8 + -113 + 108 + (1 - -14).
18
-22 + 0 + 16 + (-8 - -3)
-11
-9 - (-92 + 60 - (-16 - 1))
6
-5 - -6 - 4 - (-17 - -22)
-8
Calculate -6 - -6 - (-1 - 4 - -12).
-7
Evaluate 1 + -6 - -12 - 13.
-6
(111 - 111) + (-2 - (7 - 1)) + 14
6
What is (-7 + -7 - 3) + (-3 - -2) + 4?
-14
9 - (-2 - (6 - (7 + 8)))
2
What is -4 - (-50 + 38) - ((2 - 5) + 2)?
9
What is the value of (1049 - 1041) + (11 - 1)?
18
What is (7 - 0) + (0 - (1 - (-1 - -4)))?
9
-2 + 1 - (4 + 0) - (309 + -307)
-7
Evaluate (-2 - -2) + -1 + -3 - (-88 - -99).
-15
What is the value of (-62 - (-35 + -23)) + (0 - -2) + 21?
19
Evaluate -2 - 3 - (0 + 14 + -26).
7
0 - 36 - (-29 + (7 - 4) - -14)
-24
Evaluate 32 + -10 + 4 - 17.
9
Calculate (62 - 36) + -20 - (1 + 11).
-6
Calculate (-4 - (-11 - -40)) + 18.
-15
Evaluate 47 + -39 + (-4 - 5 - 2).
-3
Evaluate (7 - (13 - (15 - 9))) + (-1 - 0).
-1
22 + (3 - (15 - -1))
9
Evaluate 6 - (1 + -2) - (-160 - -164).
3
-44 - (3 + -21 + 152 + -153)
-25
1 + 6 + -1 - (-1 - 5)
12
What is the value of (-18 - 14) + 53 + -41?
-20
What is the value of 2 + 15 - (61 - 30 - 39)?
25
What is -36 + (41 - 10) - -37?
32
What is 1 - -4 - (-46 + 44) - (-1 - 1)?
9
1 - (2 + -2 + 15 + -27 + 21)
-8
Calculate (-87 - -99) + (-1 - -1).
12
93 - 113 - (3 - 7)
-16
Calculate 7 - 17 - (-1 - 13).
4
What is the value of -1 - -1 - 0 - (280 - 281)?
1
Calculate 2 + -5 + 1 - (290 - 287).
-5
What is -45 + 49 + (-11 - (3 - 1 - 3))?
-6
What is 12 + (-25 - -21 - -4)?
12
What is the value of 25 + -17 + -2 + -8?
-2
Evaluate -1 - (-2 - (6 - 6) - -5).
-4
(1 - 3) + -4 + (-1 - (19 + -16))
-10
4 + -20 + 15 + 11
10
What is 3 + -11 + -2 + -1?
-11
What is the value of 10 + (3 - 5 - (-9 - -8))?
9
What is the value of 5 + (10 - (3 - -21)) - 6?
-15
What is the value of 35 + -14 + -13 + -27?
-19
Calculate -29 + 30 + -15 - (-4 - -3).
-13
(-17 - -44) + -16 + -2 + -20
-11
What is 34 - -1 - (1516 + -1505)?
24
Calculate -18 + 21 + 1 + -41 + 0 + -4.
-41
What is the value of 4 + -2 + -9 + 8 + -12 + 5?
-6
1 - (10 - (7 + -10 + 3))
-9
Evaluate 24 + (-31 + 32 - 35).
-10
-18 + 55 + -27 + (0 - -2)
12
What is the value of -2 - (-2 + 14 - 1 - (29 - 26))?
-10
What is the value of 4 + 5 - 14 - -21?
16
Evaluate 17 + (